 + 5*y**2 + 1797*y + 3. Determine u(0).
3
Let o(l) = 82*l**2 - 7*l + 37. Calculate o(2).
351
Let a(j) = -j**3 + 53*j**2 - 31*j + 9034. Determine a(56).
-2110
Let a(c) = 15*c**3 - 189*c**2 - 294*c - 2. What is a(14)?
-2
Let g(z) = -298637*z + 1493168. Calculate g(5).
-17
Let o(t) = 1405*t + 15312. What is o(-11)?
-143
Let u(l) = -4*l**2 + 1037*l - 2387. Determine u(257).
-74
Let m(l) = 13980*l - 461478. Give m(33).
-138
Let s(y) = -2*y**3 + 24*y**2 + 19*y + 22. What is s(13)?
-69
Let r(b) = b**3 - 46*b**2 + 391*b - 70. Calculate r(11).
-4
Let d(k) = 3*k**3 + 6*k**2 + 760*k + 7590. Give d(-11).
-4037
Let j(l) = 5254*l - 141881. Calculate j(27).
-23
Let h(k) = -183*k**3 - 107*k**2 + 51*k + 29. Calculate h(1).
-210
Let v(j) = 3*j**2 + 3154*j + 34804. What is v(-11)?
473
Let b(j) = -58206*j - 116432. Give b(-2).
-20
Let r(q) = -15*q - 2455. Calculate r(-95).
-1030
Let p(n) = 13*n**2 + 4035*n - 4035. What is p(1)?
13
Let k(a) = -42*a**3 + 227*a**2 - 16*a + 164. Give k(6).
-832
Let u(q) = 1599348*q - 11195441. Calculate u(7).
-5
Let t(n) = 46*n**2 + 223*n - 16. Determine t(-4).
-172
Let q(d) = 3*d**2 + 181*d + 1415. Give q(-8).
159
Let x(z) = z**3 - 303*z**2 + 3775*z - 1439. What is x(290)?
11
Let k(i) = i**3 - 24*i**2 + 63*i - 3901. Give k(27).
-13
Let q(o) = -1056517*o + 15847751. Determine q(15).
-4
Let o(a) = -2*a**3 + a**2 - 2*a - 644. Determine o(0).
-644
Let x(j) = 92*j**2 - 431*j + 13. Calculate x(5).
158
Let v(c) = -c**2 + 421*c + 33168. What is v(489)?
-84
Let h(y) = -33*y**2 + 56*y + 443. Calculate h(-6).
-1081
Let x(p) = -7*p**3 - 689*p**2 + 1127*p + 2684. Determine x(-100).
-16
Let s(r) = -r**3 + 24*r**2 + 51*r - 861. What is s(6)?
93
Let b(t) = 8*t**2 + 3525*t - 35965. Determine b(10).
85
Let m(a) = -8151*a + 32757. What is m(4)?
153
Let v(q) = -2*q**2 + 231*q - 2029. Give v(100).
1071
Let x(y) = -y**3 - 60*y**2 + 218*y - 52. Determine x(3).
35
Let l(r) = -204*r - 343. Give l(0).
-343
Let q(a) = -4868*a - 141044. Determine q(-29).
128
Let u(o) = -35*o**2 - 2*o - 4. Give u(0).
-4
Let a(g) = 2*g**2 - 297*g + 405. Calculate a(147).
-36
Let p(a) = 14*a**2 + 24*a - 260. Calculate p(0).
-260
Let s(m) = -191*m + 475. What is s(0)?
475
Let v(i) = -1219*i**2 - 1042*i + 2084. Calculate v(2).
-4876
Let v(d) = -d**3 + 35*d**2 + 13273*d - 935. Determine v(134).
3
Let t(n) = -3380*n + 459668. What is t(136)?
-12
Let q(k) = 2*k**2 + 109*k - 1740. Give q(21).
1431
Let h(m) = -457*m + 9105. Give h(21).
-492
Let w(c) = 5631*c + 1627367. What is w(-289)?
8
Let m(v) = 4967*v - 392381. Calculate m(79).
12
Let n(j) = 916*j + 3388. What is n(-5)?
-1192
Let y(v) = -3*v**2 + 33352*v + 300395. Calculate y(-9).
-16
Let n(c) = 49607*c - 99214. What is n(2)?
0
Let q(f) = -f**3 - 126*f**2 + 1212*f + 32. What is q(9)?
5
Let l(f) = -f**3 - 12*f**2 - 673*f - 4497. Give l(-7).
-31
Let t(l) = l**3 + 86*l**2 - 535*l + 1484. Determine t(-92).
-80
Let c(u) = -u**3 - 4*u**2 + 721*u + 8510. Calculate c(-17).
10
Let a(i) = i**3 - 33*i**2 + 840*i - 19592. Give a(28).
8
Let u(m) = 3*m**3 - 426*m**2 - 430*m + 159. Calculate u(143).
16
Let u(n) = n**3 + 113*n**2 - 585*n - 66146. Determine u(-113).
-41
Let a(v) = 57*v**2 + 111*v + 900. What is a(-7)?
2916
Let p(u) = -321*u - 6906. Calculate p(-20).
-486
Let j(c) = -110*c - 2562. Determine j(-24).
78
Let t(q) = -27896*q - 223081. Calculate t(-8).
87
Let z(g) = 2*g**3 - 13*g**2 - 22*g + 168. Determine z(11).
1015
Let k(s) = 9*s**2 + 1388*s + 53318. What is k(-82)?
18
Let l(p) = 226*p - 18208. Calculate l(80).
-128
Let a(j) = -4*j**3 - 28*j**2 - 373*j - 2403. What is a(-7)?
208
Let b(u) = -u**3 + 403*u**2 - 12554*u + 2991. Calculate b(369).
39
Let d(u) = 2339*u**2 - 61*u + 61. Calculate d(1).
2339
Let q(g) = -48532*g - 146728. Determine q(-3).
-1132
Let h(d) = 26134*d + 78387. Give h(-3).
-15
Let z(l) = l**3 - 155*l**2 + 2645*l - 1114. What is z(19)?
45
Let h(i) = 39596*i**2 - 791918*i - 37. What is h(20)?
3
Let m(t) = 104*t - 10773. Calculate m(102).
-165
Let h(z) = -35*z**2 - 85*z - 206. What is h(-3)?
-266
Let l(d) = -d**3 + 78*d**2 - 1103*d - 42. Give l(60).
-1422
Let u(v) = 8*v**3 + 992*v**2 + 5*v + 390. What is u(-124)?
-230
Let r(x) = 266*x + 11906. Give r(-45).
-64
Let r(a) = -39*a**2 - 3183*a - 12752. Calculate r(-4).
-644
Let m(j) = -88*j**2 - 709*j + 1414. Calculate m(2).
-356
Let h(g) = 6*g**3 - 315*g**2 - 134*g + 47. Calculate h(53).
1372
Let r(q) = -q**2 + 78*q + 3558. What is r(106)?
590
Let v(i) = -50*i**2 + 1869*i - 356. Determine v(37).
347
Let c(i) = -391*i**2 + 2333*i + 76. Determine c(6).
-2
Let b(t) = -1512*t**2 - 184464*t + 12. What is b(-122)?
12
Let y(u) = 3*u**3 - 172*u**2 - 288*u + 206. What is y(59)?
619
Let r(i) = -2*i**3 - 35*i**2 + 31*i + 475. Determine r(-18).
241
Let w(u) = -2*u**3 - 215*u**2 - 2675*u + 1314. What is w(-93)?
-732
Let n(u) = -906*u - 9885. What is n(-11)?
81
Let u(f) = 527*f - 24997. Give u(61).
7150
Let j(s) = -8*s**3 + 617*s**2 - 107*s + 326. What is j(77)?
-1984
Let g(q) = -2*q**2 + 294*q - 27. Determine g(0).
-27
Let c(i) = -2567789*i - 15406733. Give c(-6).
1
Let t(o) = -31*o**2 + 969*o - 10907. Calculate t(11).
-3999
Let x(c) = c**3 - 148*c**2 + 410*c + 3776. Calculate x(145).
151
Let u(p) = 18654*p + 373107. Give u(-20).
27
Let u(d) = 4*d**2 + 599*d - 15422. Determine u(-172).
-114
Let a(s) = -s**3 + 108*s**2 - 593*s + 214. What is a(102)?
2152
Let c(q) = -265*q + 5315. What is c(20)?
15
Let x(b) = 144*b**2 + 180*b + 653. What is x(-4)?
2237
Let j(a) = 2*a**3 - 212*a**2 + 162*a + 5050. Determine j(105).
10
Let b(h) = 10*h**2 + 31089*h + 1136598. Calculate b(-37).
-5
Let s(n) = -6*n**3 + 2*n**2 - 76*n - 766. Determine s(-8).
3042
Let t(v) = -24278*v + 6. What is t(0)?
6
Let f(g) = -g**2 + 7993*g - 63888. What is f(8)?
-8
Let l(t) = 7*t**3 + 263*t**2 + 151*t + 57. What is l(-37)?
-54
Let i(k) = -3*k**3 - 7*k**2 + 16501*k - 32979. Give i(2).
-29
Let g(v) = 6*v**3 - 1043*v**2 - 2274*v - 2480. What is g(176)?
-16
Let v(t) = -113*t + 5863. Determine v(52).
-13
Let f(o) = 512193*o + 5634123. What is f(-11)?
0
Let v(n) = -3*n**2 + 21269*n + 149037. What is v(-7)?
7
Let y(n) = 3*n**2 - 1045*n + 85159. What is y(130)?
9
Let x(p) = -27953*p + 1677180. Give x(60).
0
Let x(q) = -q**3 + 1155*q**2 - 275709*q + 35167. Give x(818).
-7
Let z(h) = -h**2 - 730797*h - 5846307. Determine z(-8).
5
Let n(a) = 53*a**2 - 3*a - 4. Calculate n(-4).
856
Let f(s) = -s**2 - 1809*s + 1208236. What is f(519)?
4
Let f(b) = b**3 - 373*b**2 - 17032*b - 2386. Give f(-41).
-8
Let j(i) = -34325*i + 1098396. Calculate j(32).
-4
Let p(q) = 183*q**2 + 684*q - 81. Determine p(-2).
-717
Let p(m) = -7*m**2 - 327*m + 1322. Determine p(4).
-98
Let b(n) = 202*n**2 + 3630*n - 128. Determine b(-18).
-20
Let f(y) = 18874*y + 7719481. Determine f(-409).
15
Let o(n) = 13*n - 65. What is o(127)?
1586
Let p(g) = -3*g**3 + 202*g**2 + 337*g + 533. Calculate p(69).
-19
Let p(o) = -3*o**3 - 57*o**2 + 207*o + 2945. What is p(-20)?
5
Let c(x) = 1118*x**2 + 37996*x - 462. Determine c(-34).
82
Let q(t) = -t**3 - 1085*t**2 + 16502*t - 11. What is q(15)?
19
Let h(r) = -674*r + 62849. Calculate h(92).
841
Let g(a) = -a**3 + 22*a**2 - 67*a + 35. Give g(19).
-155
Let s(n) = -607736*n + 11546984. Determine s(19).
0
Let n(d) = 800*d + 48741. Determine n(-54).
5541
Let k(o) = o**3 - 80*o**2 + 17*o - 1300. What is k(80)?
60
Let c(m) = -13*m**3 + 196*m**2 - 15*m - 84. What is c(15)?
-84
Let c(p) = -13*p**2 - 3475*p - 5357. Calculate c(-266).
-835
Let a(v) = v**2 + 20562*v - 824076. What is a(40)?
4
Let b(r) = 2489*r - 231495. Give b(93).
-18
Let f(r) = 2109*r - 8786. Calculate f(4).
-350
Let s(m) = -3260*m + 3204. What is s(1)?
-56
Let l(x) = -983*x - 9149. Give l(-10).
681
Let l(r) = -r**2 + 4856*r + 29168. Determine l(-6).
-4
Let n(j) = -77*j**2 - 3529*j + 14132. Determine n(4).
-1216
Let i(h) = 64*h + 2503. Calculate i(-37).
135
Let u(j) = -33*j**2 + 18*j - 47. What is u(-3)?
-398
Let v(h) = -1861*h - 241927. Determine v(-130).
3
Let p(s) = -3219*s + 1081566. Determine p(336).
-18
Let i(o) = -501*o + 68639. Give i(137).
2
Let s(z) = 108*z - 926. What is s(8)?
-62
Let l(v) = 8*v**3 + 33*v**2 + 58*v + 229. Give l(-4).
13
Let b(a) = 24*a**3 - 7*a**2 - 14*a - 16. Determine b(-1).
-33
Let b(j) = -1954*j - 644825. What is b(-330)?
-5
Let t(x) = 121*